base 2?
10101111110101010010
What is -44b89 (base 13) in base 4?
-132201030
Convert 3157565 (base 8) to base 3.
1120212020211
Convert 3a7ad2 (base 14) to base 10.
2018984
Convert -707310 (base 14) to base 2.
-1110011011111110000010
Convert 473400 (base 8) to base 3.
22012120211
Convert 101011111010110101001111 (base 2) to base 6.
1050433411
What is 4510224 (base 7) in base 3?
1001022021010
What is -20000030 (base 6) in base 10?
-559890
What is 31103212310 (base 4) in base 2?
1101010011100110110100
2a10791 (base 12) to base 4
200112311131
What is -124430 (base 5) in base 4?
-1031332
Convert -1312321013 (base 4) to base 5.
-111040413
Convert 102212222212 (base 3) to base 14.
613c9
Convert 3278300 (base 10) to base 13.
8aa22c
-2111312220 (base 4) to base 2
-10010101110110101000
Convert 1daf30 (base 16) to base 14.
388d68
What is 131222210 (base 4) in base 9?
204608
Convert 20211222121122 (base 3) to base 4.
31320323303
What is 3144525 (base 6) in base 5?
14411424
-1043913 (base 11) to base 3
-10110020110011
Convert -b7044 (base 12) to base 13.
-85474
Convert 21023000310 (base 4) to base 2.
1001001011000000110100
-2202022001212 (base 3) to base 12
-5a6388
What is -c579a (base 14) in base 10?
-476220
What is 220158 (base 11) in base 2?
1010101110101010000
What is 12704133 (base 10) in base 12?
4307b19
Convert 12222211112 (base 3) to base 4.
130303121
-11113533 (base 6) to base 14
-8a8c9
Convert 1101100000110110011000 (base 2) to base 9.
6588256
Convert 230213312 (base 4) to base 6.
3530102
1252306 (base 9) to base 2
10100111000000010011
Convert 50553 (base 11) to base 3.
10202022212
Convert 1414444 (base 7) to base 9.
317074
Convert -112685b (base 14) to base 13.
-18ca288
Convert -104431344 (base 5) to base 14.
-c264c
What is -a5574 (base 14) in base 10?
-398962
-ab5969 (base 15) to base 13
-19006c8
Convert d44a (base 15) to base 7.
244513
-10034432 (base 5) to base 14
-21545
Convert -110300 (base 7) to base 4.
-10232123
What is -5097b (base 12) in base 15?
-211eb
What is -2123330041 (base 5) in base 7?
-53226252
449a7 (base 14) to base 11
104150
Convert 220132 (base 10) to base 16.
35be4
Convert 13200010020 (base 4) to base 12.
7a9b20
What is -182b4 (base 14) in base 9?
-102506
Convert -1950460 (base 12) to base 5.
-2331023200
2ce57 (base 16) to base 8
547127
What is 24052013 (base 6) in base 16?
b7f09
What is 1201a2 (base 12) in base 10?
290570
-110223032023 (base 4) to base 5
-2341414130
-3527612 (base 10) to base 8
-15351674
Convert 2990475 (base 10) to base 6.
144032443
2314323 (base 6) to base 12
589a3
What is e4478 (base 16) in base 2?
11100100010001111000
Convert 1823243 (base 9) to base 7.
11443563
What is 10421131 (base 5) in base 14?
25785
53515 (base 9) to base 5
2113121
What is 133223300100 (base 4) in base 12?
2946640
What is -3954828 (base 10) in base 12?
-13a8810
11010011222 (base 3) to base 16
13c9d
Convert 36414532 (base 7) to base 3.
20010000010121
7937bc (base 15) to base 9
11783856
-5dc34 (base 16) to base 6
-12122004
132033044 (base 5) to base 3
1020110022210
Convert 71a30 (base 12) to base 15.
2de56
What is 12012212111 (base 3) in base 12?
4b51a
Convert -3345302 (base 7) to base 14.
-ab272
Convert 1100011011000011 (base 2) to base 9.
76716
What is -11001000001111111010 (base 2) in base 14?
-174cb0
Convert 22012020012100 (base 3) to base 16.
42719d
Convert -22751164 (base 9) to base 10.
-11075836
What is 3504360 (base 7) in base 9?
737510
What is 121121220121 (base 3) in base 12?
139474
What is 16430314 (base 8) in base 15?
504e3a
What is -120351 (base 9) in base 12?
-35b24
What is -4121412 (base 5) in base 2?
-10000011000100011
-100223233 (base 4) to base 10
-68335
What is 1004133 (base 5) in base 16?
3f28
2b77955 (base 13) to base 6
1215033134
-42635772 (base 8) to base 9
-18146851
What is 1d3a0 (base 16) in base 3?
20002012210
What is -2428a62 (base 11) in base 7?
-50641042
20313002120 (base 4) to base 2
1000110111000010011000
1146 (base 15) to base 7
13455
Convert 15720130 (base 8) to base 2.
1101111010000001011000
-1001110110111111111 (base 2) to base 16
-4edff
What is -120455033 (base 7) in base 9?
-15080238
Convert 1427746 (base 8) to base 5.
100433403
What is -1758702 (base 9) in base 7?
-11235530
-20542302 (base 6) to base 13
-1821a4
What is -2403411 (base 5) in base 15?
-d18b
Convert -8bd093 (base 16) to base 3.
-122020112010122
Convert 221946 (base 10) to base 16.
362fa
3956dd (base 15) to base 13
754915
What is -5110305 (base 6) in base 3?
-110022121012
Convert 8a432d (base 16) to base 12.
304b891
What is 4282 (base 12) in base 7?
30164
-1d47d (base 16) to base 9
-202458
3106461 (base 9) to base 14
3123b7
What is 1011000000001010011001 (base 2) in base 5?
1214243444
Convert -220313201 (base 5) to base 3.
-1210011022101
Convert -a9aa9a (base 12) to base 16.
-291a96
Convert -22223110120 (base 4) to base 16.
-2ab518
Convert 2324241 (base 7) to base 10.
292020
18003 (base 15) to base 3
10221111010
-33a2a (base 13) to base 10
-94000
What is 94a905 (base 11) in base 9?
2770335
Convert -1666250 (base 7) to base 6.
-5012212
Convert -1100012100002 (base 3) to base 10.
-712478
3b6ba (base 13) to base 15
22d62
101010110111101000101101 (base 2) to base 12
391b525
What is 779e8 (base 15) in base 8?
1346523
1084634 (base 15) to base 3
211020000222211
2631b5 (base 12) to base 11
399536
11110110011110110010001 (base 2) to base 10
8076689
Convert 2322310 (base 4) to base 2.
10111010110100
What is -6c855 (base 13) in base 8?
-604760
Convert -bb0455 (base 13) to base 5.
-2111233030
Convert -41699 (base 12) to base 3.
-11100111100
What is -1f56f (base 16) in base 13?
-46575
What is 841355 (base 9) in base 12?
2011a2
5425050 (base 7) to base 3
1020122010110
Convert 1421101 (base 5) to base 3.
1111111120
Convert 1022112002121 (base 3) to base 2.
10101010101100101101
Convert -188d5 (base 15) to base 9.
-131202
What is 1135005 (base 6) in base 12?
2a465
Convert -1002312333 (base 4) to base 10.
-273855
Convert 50425305 (base 6) to base 2.
101011110001111001001
46804 (base 10) to base 9
71174
What is -c3580 (base 15) in base 12?
-25a186
What is -10044220 (base 7) in base 4?
-3023301013
What is -30606 (base 14) in base 16?
-1c6ce
What is 110001111100110000010 (base 2) in base 12?
66b22a
101012012222 (base 3) to base 16
30fbc
What is 3871080 (base 9) in base 5?
1020112233
Convert 80429a (base 11) to base 8.
4737403
What is 693b30 (base 12) in base 9?
3150300
Convert 5139456 (base 10) to base 13.
10ac3ca
Convert 111101100100010001 (base 2) to base 11.
162512
Convert -139665 (base 14) to base 3.
-1021111110101
What is 10010101010101110100011 (base 2) in base 14?
915551
Convert -a50aeb (base 16) to base 7.
-160636133
Convert 5033202 (base 6) to base 3.
110002022202
What is -461b9 (base 13) in base 16?
-1f303
What is 32530424 (base 7) in base 6?
135542455
What is -23334234 (base 5) in base 4?
-310132200
What is -662 (base 10) in base 5?
-10122
Convert 2160b2 (base 15) to base 12.
648028
-243980 (base 11) to base 7
-3164613
-44fc1 (base 16) to base 6
-10020053
What is -795c11 (base 13) in base 15?
-3ba1a2
What is -2456103 (base 7) in base 4?
-1031103201
100110001111100110 (base 2) to base 6
3205114
-250382 (base 11) to base 16
-609f0
62011 (base 9) to base 11
28752
What is 11100011011101110011111 (base 2) in base 4?
130123232133
-21203012 (base 5) to base 2
-101011100101001011
Convert -452879 (base 11) to base 14.
-14ab2d
Convert -126 (base 7) to base 5.
-234
670062 (base 16) to base 8
31600142
What is -134553123 (base 7) in base 12?
-2b46509
Convert 1230847 (base 9) to base 16.
a38d9
Convert 68b9b1 (base 12) to base 4.
12121333111
Convert 7240 (base 16) to base 5.
1413443
a8614 (base 14) to base 15
80a3b
1002002020010 (base 3) to base 5
121304210
Convert 1000110111000001000 (base 2) to base 7.
2316251
Convert -40aee (base 16) to base 5.
-31434232
What is -1488a6 (base 16) in base 2?
-101001000100010100110
-1299972 (base 10) to base 13
-36691b
Convert -20ad6a (base 16) to base 8.
-10126552
113203102 (base 4) to base 6
2022334
-11811 (base 9) to base 6
-100444
Convert 49322 (base 14) to base 10.
178978
Convert 1155060 (base 7) to base 10.
148218
527b06 (base 13) to base 8
7273117
-10023222 (base 5) to base 6
-1413300
What is 100101011010011010